me factors of 3669887?
13, 282299
List the prime factors of 256549.
151, 1699
What are the prime factors of 1375806?
2, 3, 107, 2143
List the prime factors of 1439221.
7, 205603
List the prime factors of 361011.
3, 7, 17191
What are the prime factors of 4778966?
2, 2389483
List the prime factors of 163413.
3, 67, 271
List the prime factors of 537823.
11, 13, 3761
List the prime factors of 9322332.
2, 3, 776861
List the prime factors of 356177.
353, 1009
List the prime factors of 748285.
5, 109, 1373
List the prime factors of 13255319.
7, 11, 172147
List the prime factors of 12601205.
5, 2520241
List the prime factors of 5743421.
29, 73, 2713
What are the prime factors of 1070700?
2, 3, 5, 43, 83
List the prime factors of 1071945.
3, 5, 7, 41, 83
What are the prime factors of 330259?
17, 19427
List the prime factors of 5043768.
2, 3, 210157
List the prime factors of 1558266.
2, 3, 19, 13669
What are the prime factors of 157317?
3, 41, 1279
List the prime factors of 325537.
325537
List the prime factors of 508995.
3, 5, 11311
What are the prime factors of 9337526?
2, 11, 424433
What are the prime factors of 4191804?
2, 3, 37, 1049
List the prime factors of 9461329.
9461329
What are the prime factors of 3912710?
2, 5, 521, 751
List the prime factors of 8693499.
3, 2897833
What are the prime factors of 1097902?
2, 13, 42227
List the prime factors of 52537.
107, 491
What are the prime factors of 7399006?
2, 1163, 3181
List the prime factors of 138877.
113, 1229
List the prime factors of 1802109.
3, 600703
List the prime factors of 1320651.
3, 41, 1193
What are the prime factors of 537784?
2, 13, 5171
List the prime factors of 24768317.
7, 79, 44789
What are the prime factors of 3677265?
3, 5, 27239
What are the prime factors of 9768235?
5, 61, 32027
What are the prime factors of 535368?
2, 3, 22307
List the prime factors of 273932.
2, 68483
List the prime factors of 2215864.
2, 7, 39569
What are the prime factors of 2689872?
2, 3, 56039
List the prime factors of 429424.
2, 26839
What are the prime factors of 13179?
3, 23, 191
List the prime factors of 7257841.
43, 61, 2767
List the prime factors of 566966.
2, 197, 1439
List the prime factors of 107085.
3, 5, 11, 59
What are the prime factors of 68470?
2, 5, 41, 167
List the prime factors of 8758134.
2, 3, 7, 11, 71, 89
List the prime factors of 203232.
2, 3, 29, 73
List the prime factors of 446521.
101, 4421
List the prime factors of 2763806.
2, 89, 15527
What are the prime factors of 1007364?
2, 3, 127, 661
List the prime factors of 9886443.
3, 7, 470783
What are the prime factors of 11102958?
2, 3, 109, 5659
List the prime factors of 16981923.
3, 7, 131, 6173
What are the prime factors of 394784?
2, 13, 73
What are the prime factors of 128349?
3, 13, 1097
List the prime factors of 9312232.
2, 1164029
What are the prime factors of 434275?
5, 29, 599
List the prime factors of 1080818.
2, 439, 1231
What are the prime factors of 5293236?
2, 3, 13, 33931
What are the prime factors of 639208?
2, 79901
What are the prime factors of 15346776?
2, 3, 163, 3923
What are the prime factors of 1537115?
5, 307423
List the prime factors of 3144549.
3, 193, 5431
What are the prime factors of 2230285?
5, 167, 2671
What are the prime factors of 186045?
3, 5, 79, 157
List the prime factors of 118634.
2, 23, 2579
List the prime factors of 26143.
13, 2011
List the prime factors of 345966.
2, 3, 23, 109
List the prime factors of 1427190.
2, 3, 5, 113, 421
What are the prime factors of 2131660?
2, 5, 53, 2011
List the prime factors of 20835851.
2393, 8707
List the prime factors of 2018483.
2018483
List the prime factors of 347541.
3, 31, 37, 101
List the prime factors of 16347501.
3, 201821
List the prime factors of 439109.
11, 19, 191
List the prime factors of 13348446.
2, 3, 2224741
What are the prime factors of 983695?
5, 196739
What are the prime factors of 1273150?
2, 5, 25463
What are the prime factors of 1618630?
2, 5, 13, 12451
What are the prime factors of 4805335?
5, 961067
List the prime factors of 3130949.
3130949
List the prime factors of 3134007.
3, 31, 47, 239
What are the prime factors of 627220?
2, 5, 11, 2851
List the prime factors of 258050.
2, 5, 13, 397
List the prime factors of 32126032.
2, 23, 87299
List the prime factors of 87225.
3, 5, 1163
List the prime factors of 808329.
3, 73, 3691
List the prime factors of 15301.
11, 13, 107
What are the prime factors of 562767?
3, 109, 1721
What are the prime factors of 176488?
2, 13, 1697
List the prime factors of 23493520.
2, 5, 37, 7937
List the prime factors of 1317265.
5, 109, 2417
What are the prime factors of 1328515?
5, 265703
What are the prime factors of 117781?
19, 6199
What are the prime factors of 1249601?
37, 33773
What are the prime factors of 17214671?
17214671
What are the prime factors of 2237863?
17, 131639
What are the prime factors of 1490518?
2, 131, 5689
List the prime factors of 1728810.
2, 3, 5, 19, 337
What are the prime factors of 46035?
3, 5, 11, 31
What are the prime factors of 1656725?
5, 7, 9467
List the prime factors of 6038973.
3, 107, 6271
List the prime factors of 7060323.
3, 41, 61, 941
List the prime factors of 4360540.
2, 5, 263, 829
What are the prime factors of 316057?
7, 163, 277
What are the prime factors of 108289?
108289
List the prime factors of 5334915.
3, 5, 19, 18719
What are the prime factors of 6411576?
2, 3, 311, 859
What are the prime factors of 6072925?
5, 421, 577
What are the prime factors of 22343?
22343
What are the prime factors of 2495491?
997, 2503
What are the prime factors of 1231515?
3, 5, 27367
What are the prime factors of 5292117?
3, 17, 34589
What are the prime factors of 8372231?
7, 1196033
What are the prime factors of 563047?
563047
What are the prime factors of 11982589?
2269, 5281
What are the prime factors of 5265477?
3, 7, 83579
List the prime factors of 1821489.
3, 607163
What are the prime factors of 180395?
5, 109, 331
What are the prime factors of 710472?
2, 3, 7, 4229
List the prime factors of 13411706.
2, 7, 11, 73, 1193
What are the prime factors of 94710?
2, 3, 5, 7, 11, 41
What are the prime factors of 87991?
87991
List the prime factors of 1676195.
5, 137, 2447
List the prime factors of 1383134.
2, 37, 18691
List the prime factors of 3297970.
2, 5, 13, 23, 1103
List the prime factors of 3553733.
1307, 2719
List the prime factors of 242010.
2, 3, 5, 2689
List the prime factors of 5278996.
2, 41, 32189
What are the prime factors of 2155235?
5, 431047
What are the prime factors of 15576477?
3, 7, 31, 71, 337
List the prime factors of 671433.
3, 7, 31973
List the prime factors of 1351542.
2, 3, 225257
What are the prime factors of 138692?
2, 34673
List the prime factors of 5975710.
2, 5, 13, 43, 1069
What are the prime factors of 1240083?
3, 13, 3533
List the prime factors of 1239061.
41, 47, 643
What are the prime factors of 6102539?
439, 13901
What are the prime factors of 8358662?
2, 13, 17, 18911
What are the prime factors of 1468836?
2, 3, 40801
List the prime factors of 2056218.
2, 3, 17, 19, 1061
What are the prime factors of 40272?
2, 3, 839
What are the prime factors of 27136114?
2, 17, 798121
List the prime factors of 1780074.
2, 3, 98893
List the prime factors of 850331.
850331
What are the prime factors of 326769?
3, 108923
List the prime factors of 318515.
5, 63703
What are the prime factors of 154975?
5, 6199
What are the prime factors of 200456?
2, 25057
What are the prime factors of 4271885?
5, 283, 3019
List the prime factors of 16871569.
11, 13, 127, 929
List the prime factors of 2792241.
3, 557
List the prime factors of 3317087.
37, 2423
What are the prime factors of 1196435?
5, 239287
List the prime factors of 60442.
2, 47, 643
What are the prime factors of 1109390?
2, 5, 110939
List the prime factors of 463344.
2, 3, 7, 197
List the prime factors of 21677101.
167, 129803
What are the prime factors of 149491?
149491
List the prime factors of 13854529.
13, 1065733
What are the prime factors of 202319?
13, 79, 197
List the prime factors of 5464009.
5464009
List the prime factors of 618580.
2, 5, 157, 197
What are the prime factors of 432616?
2, 17, 3181
List the prime factors of 32025305.
5, 13, 41, 61, 197
What are the prime factors of 244152?
2, 3, 3391